{"id":187,"date":"2019-05-09T17:37:50","date_gmt":"2019-05-09T15:37:50","guid":{"rendered":"https:\/\/bogama.de\/?page_id=187"},"modified":"2020-04-11T08:52:56","modified_gmt":"2020-04-11T06:52:56","slug":"e-mobilitaets-infotag-2019","status":"publish","type":"page","link":"https:\/\/bogama.de\/?page_id=187","title":{"rendered":"E-Mobilit\u00e4t Infotag 2019"},"content":{"rendered":"\n<p>Auch 2019 veranstalten wir einen Infotag rund um die E-Mobilit\u00e4t am 15.06.2019 von 09.00 &#8211; 16.00 Uhr auf dem Kundenparkplatz. An diesem Tag werden private Elektroautofahrer mit ihren Fahrzeugen anwesend sein und den Interessierten Rede und Antwort stehen. <\/p>\n\n\n\n<figure class=\"wp-block-image\"><img loading=\"lazy\" decoding=\"async\" width=\"1024\" height=\"414\" src=\"https:\/\/bogama.de\/wp-content\/uploads\/2019\/05\/IMG_0115-e1557416798681-1024x414.jpg\" alt=\"\" class=\"wp-image-190\" srcset=\"https:\/\/bogama.de\/wp-content\/uploads\/2019\/05\/IMG_0115-e1557416798681-1024x414.jpg 1024w, https:\/\/bogama.de\/wp-content\/uploads\/2019\/05\/IMG_0115-e1557416798681-300x121.jpg 300w, https:\/\/bogama.de\/wp-content\/uploads\/2019\/05\/IMG_0115-e1557416798681-768x311.jpg 768w, https:\/\/bogama.de\/wp-content\/uploads\/2019\/05\/IMG_0115-e1557416798681.jpg 1280w\" sizes=\"(max-width: 1024px) 100vw, 1024px\" \/><\/figure>\n\n\n\n<ul class=\"wp-block-list\"><li>Dutzende E-Autos zum Besichtigen und Mitfahren<\/li><li>1 Wasserstoffauto der Organisation NOW<\/li><li>Profis zum Thema &#8218;Laden zu Hause&#8216;<\/li><li>Vortr\u00e4ge zu den Themen Ladeinfrastruktur, Carsharing, Wasserstoff<\/li><li>Ladetechnik<\/li><\/ul>\n\n\n\n<figure class=\"wp-block-image is-resized\"><img loading=\"lazy\" decoding=\"async\" src=\"https:\/\/bogama.de\/wp-content\/uploads\/2019\/06\/15-60002-1024x683.jpg\" alt=\"\" class=\"wp-image-250\" width=\"593\" height=\"395\" srcset=\"https:\/\/bogama.de\/wp-content\/uploads\/2019\/06\/15-60002-1024x683.jpg 1024w, https:\/\/bogama.de\/wp-content\/uploads\/2019\/06\/15-60002-300x200.jpg 300w, https:\/\/bogama.de\/wp-content\/uploads\/2019\/06\/15-60002-768x512.jpg 768w, https:\/\/bogama.de\/wp-content\/uploads\/2019\/06\/15-60002.jpg 1620w\" sizes=\"(max-width: 593px) 100vw, 593px\" \/><\/figure>\n\n\n\n<p>H\u00f6hepunkt wird die Einweihung des neuen Superschnellladers mit bis zu 175kW Ladeleistung! Zu Beginn werden garantierte 75kW zur Verf\u00fcgung stehen (87,5kW Maximal). Voraussichtlich in der zweiten Jahresh\u00e4lfte 2019 wird ein weiteres Leistungsmodul erg\u00e4nzt und dann die volle Leistung von 150kW (Maximal 175kW) vorhanden sein. Edit: Das Modul ist erg\u00e4nzt und die voll Leistung steht zur Verf\u00fcgung.<\/p>\n\n\n\n<p>Dieser Hypercharger wird damit einer der ersten Superschnelllader abseits von Autobahnen und Schnellstra\u00dfen in Deutschland sein. Boppard wird dadurch als Ziel f\u00fcr Elektroautofahrer attraktiv und die Bev\u00f6lkerung im Umkreis von 5km hat f\u00fcr Ihr E-Auto eine M\u00f6glichkeit das Auto bei Bedarf sehr schnell wieder einsatzf\u00e4hig zu machen.<\/p>\n\n\n\n<p>Desweiteren stehen 2 Lades\u00e4ulen mit je 22kW AC (Wechselstrom) zur Verf\u00fcgung. Diese befinden sich an der R\u00fcckseite der mediterranen Geb\u00e4udekulisse und k\u00f6nnen mit einer Ladekarte von NewMotion oder deren Roamingpartner freigeschaltet werden. Auch sie stehen rund um die Uhr zur Verf\u00fcgung.<\/p>\n\n\n\n<p>Wir freuen uns auf Ihr Kommen!<\/p>\n\n\n\n<p>Bitte nutzen Sie bei der Anreise die Parkpl\u00e4tze am Friedhof und Schwimmbad!<\/p>\n","protected":false},"excerpt":{"rendered":"<p>Auch 2019 veranstalten wir einen Infotag rund um die E-Mobilit\u00e4t am 15.06.2019 von 09.00 &#8211; 16.00 Uhr auf dem Kundenparkplatz. An diesem Tag werden private Elektroautofahrer mit ihren Fahrzeugen anwesend sein und den Interessierten Rede und Antwort stehen. Dutzende E-Autos zum Besichtigen und Mitfahren 1 Wasserstoffauto der Organisation NOW Profis zum Thema &#8218;Laden zu Hause&#8216;&#8230; <\/p>\n","protected":false},"author":1,"featured_media":0,"parent":0,"menu_order":0,"comment_status":"closed","ping_status":"closed","template":"template-contact.php","meta":{"footnotes":""},"class_list":["post-187","page","type-page","status-publish","hentry"],"_links":{"self":[{"href":"https:\/\/bogama.de\/index.php?rest_route=\/wp\/v2\/pages\/187"}],"collection":[{"href":"https:\/\/bogama.de\/index.php?rest_route=\/wp\/v2\/pages"}],"about":[{"href":"https:\/\/bogama.de\/index.php?rest_route=\/wp\/v2\/types\/page"}],"author":[{"embeddable":true,"href":"https:\/\/bogama.de\/index.php?rest_route=\/wp\/v2\/users\/1"}],"replies":[{"embeddable":true,"href":"https:\/\/bogama.de\/index.php?rest_route=%2Fwp%2Fv2%2Fcomments&post=187"}],"version-history":[{"count":16,"href":"https:\/\/bogama.de\/index.php?rest_route=\/wp\/v2\/pages\/187\/revisions"}],"predecessor-version":[{"id":272,"href":"https:\/\/bogama.de\/index.php?rest_route=\/wp\/v2\/pages\/187\/revisions\/272"}],"wp:attachment":[{"href":"https:\/\/bogama.de\/index.php?rest_route=%2Fwp%2Fv2%2Fmedia&parent=187"}],"curies":[{"name":"wp","href":"https:\/\/api.w.org\/{rel}","templated":true}]}}